u(j)?
1
Let n be (4 - (-91)/(-21)) + (-182)/(-6). Suppose -81 = -n*i + 27*i. What is the units digit of i?
7
What is the ten thousands digit of (2420829/108 - -14) + 1*4/(-48)?
2
Let k be ((-8)/3)/((-46)/69) + 121. Let h = 147 - k. What is the units digit of (h - 14)/((-4)/(-94))?
8
Suppose 11*z = 24*z - 7241. Suppose 4*k - 2227 = 3*n, 5*k - n = 4*k + z. What is the tens digit of k?
5
Suppose -280974 = -9*l + 98988. What is the thousands digit of l?
2
Let a(r) = 3*r**2 - 3*r + 15 - 1 - 6*r**2 - r. Let o be a(-7). Let q = o - -121. What is the units digit of q?
6
Let q(i) = 54*i**2 + 50*i + 19. What is the units digit of q(14)?
3
Suppose 12*f = 11021 + 40615. What is the hundreds digit of f?
3
Let q(z) = z**3 + 7*z**2 + 6*z + 9. Let l be q(-6). Let x be l/(-27) - (-10)/3. Suppose -g = -2*f - 0*g + 63, x = g. What is the tens digit of f?
3
Let g = -3 + 8. Let a(o) be the first derivative of o**4/4 - 7*o**3/3 + 11*o**2/2 + 7*o - 75. What is the tens digit of a(g)?
1
Let b(x) = -15*x + 2 + 4 - 1 + x**2. Let o be b(-6). Suppose -3*c + 441 = 4*k, 3*k - 463 = -c - o. What is the units digit of k?
1
Let g(m) = -4*m + 9. Let r be g(-9). Suppose 2*q + 1 = 3*p, 5*q + 2*p + r = p. What is the tens digit of ((-154)/3)/((-5)/((-60)/q))?
7
Suppose -6*j = -5*v - 7*j - 77278, -4*v = -5*j + 61834. What is the tens digit of (10/(-4))/(460/v)?
8
Let m(r) = 130*r + 152. Let c be m(-18). Let y = -1519 - c. What is the tens digit of y?
6
Suppose -1144 = 42*w - 29*w. What is the hundreds digit of 44/w*(-1196)/2?
2
Let g(r) = -r**3 + 7*r**2 - 10. Let b be g(9). Let c = b - -296. Suppose -3*f - c = -5*f. What is the units digit of f?
2
Let u(q) = -3*q**2 - 10*q + 1. Let l be u(-7). Let v = l - -169. What is the tens digit of v?
9
Let q(c) = -c**2 + 10. Let i(j) be the third derivative of -j**3/6 + 22*j**2. Let n(k) = 5*i(k) - q(k). What is the units digit of n(11)?
6
Let v(g) = 22*g + 661. What is the units digit of v(13)?
7
Let a(p) = 12*p**2 - 13*p + 8. Let h(m) = 13*m**2 - 14*m + 8. Let o(b) = 3*a(b) - 2*h(b). Let d be o(4). Suppose -4 + d = 5*c. What is the tens digit of c?
2
Suppose 4*v + 3*c - 690 = -0*c, 0 = -v - c + 172. What is the tens digit of v?
7
Let s = -812 - -568. What is the hundreds digit of 2 + s/(-16)*(9 - -3)?
1
Let y(f) = -84*f + 179. Let b be y(-19). Let d = b + -706. What is the hundreds digit of d?
0
Let k be ((-20)/12 - -1)/(6/(-36)). Suppose -2*o - 1552 = -4*a, k*a = a - 2*o + 1157. What is the hundreds digit of a?
3
Let i(y) be the third derivative of 10*y**4/3 + 31*y**3/6 + 61*y**2. What is the hundreds digit of i(12)?
9
Suppose -41*d + 49*d + 9200 = 0. Let i = d - -1838. What is the tens digit of i?
8
Let d(u) = u**3 + 58*u**2 + 139*u + 91. What is the hundreds digit of d(-18)?
5
Let v(j) = -j**3 - 35*j**2 - 7*j - 244. Let s be v(-35). Let f = -60 + 234. What is the units digit of s/(f/57 + -3)?
9
Let k = 12498 + -9342. What is the tens digit of k?
5
Let l be (8 - 1 - 4)/(-3 + 4). What is the tens digit of l + -1 + 2 - -1119?
2
Let a = -102 + 54. What is the tens digit of a/8 - -3 - (-558)/1?
5
Let i(b) = 5 + 0 + b + 5 + 10. Let r be i(-6). What is the units digit of (-4)/r - (-14274)/126?
3
Let g = -71 - -85. Let m be (-4)/g + 30/(-42). What is the units digit of (-2)/3*m - (-820)/30?
8
Suppose -5 = -f + 3*m + 11, 2*m + 28 = 5*f. Let j(q) = 19*q - 38. Let k be j(6). What is the units digit of k + f - -5 - (-1 + 4)?
2
Let a(i) = 5*i**2 - 192*i - 190. What is the thousands digit of a(-41)?
6
Suppose 2930732 = -535*v + 603*v. What is the tens digit of v?
9
What is the ten thousands digit of 10553 + 5/5*24/(-6 + 0)?
1
Suppose -4*x = -5*q + 451, 0 = 2*q - 5*x + 4*x - 178. Let r(j) = -10*j + 1. Let g be r(4). Let o = g + q. What is the units digit of o?
8
Suppose q = -2*q - 4*h + 16293, -4*q + 21724 = h. Suppose 2*g = -7*p + 4*p + q, 2*g + 5411 = 3*p. What is the thousands digit of p?
1
Let z(f) = 24457*f + 1020. What is the ten thousands digit of z(3)?
7
Let f be 0*-2*1/4. Suppose -161 = -2*x + l, 2*x = -f*x + 4*l + 152. What is the units digit of x?
2
Suppose 4*q + 18 = x, -5 = -2*x + q + 31. Suppose 4*l = -f + 1175, 4*f + 2 + x = 0. What is the tens digit of l?
9
Let z(l) = -l**3 - 10*l**2 - 9*l - 1. Let j be z(-9). Let u(r) = 143*r**3 + r. Let o be u(j). What is the units digit of (-17 - -20) + o/(-2)?
5
Let o = -34 - -39. Let n be -221 + (o - 2) + -4. What is the units digit of n/(-42) + 4/(-14)?
5
Let r = -854 + 4260. What is the units digit of r?
6
Suppose 2807 = 10*m - 2183. Suppose -5*y + m = 2*o, -4*y + 0*y + 400 = 2*o. What is the tens digit of y?
9
Suppose 12*y = 7736 - 56420. Let t = -2569 - y. What is the tens digit of t?
8
Suppose 316 = -2*g + 5*y, 4*y - 6 = y. Suppose 9*h - 4*h + 1206 = 3*o, -258 = h + 5*o. Let l = g - h. What is the tens digit of l?
9
Let a = 20943 - 7106. What is the units digit of a?
7
Let z(k) = -14*k - 30. Suppose 0 = -2*d + 5 + 25. Let h = d + -27. What is the hundreds digit of z(h)?
1
Suppose -12 = -3*v + 8*j - 5*j, 0 = -4*v - 3*j + 2. What is the hundreds digit of (4256/168)/(v/63)?
7
Suppose 180 = -3*w + 2*u, 0*w - 4*u = 3*w + 162. What is the tens digit of 3 + w/(-1) + -2?
5
Suppose -7376 - 8554 = -5*s. Let n = -2216 + s. What is the units digit of n?
0
Suppose 5*m - 5 = 2*z - 4*z, 5*m - 15 = -4*z. Suppose 3*f = 5*f - 3*v - 1910, z*f - 4789 = 4*v. Suppose f - 191 = 5*t. What is the units digit of t?
4
What is the hundreds digit of 16050/5 + -2 - 14/14?
2
Suppose 10 = 5*q - 15. Suppose -q*k - 28 + 7 = -2*j, k = -3*j + 6. What is the units digit of 1*(66 - (j + -4))?
7
Let x(l) = -191*l - 3. Let v(a) = a**2 - 10*a + 22. Let u be v(4). Let q be (u/(-4))/((-16)/32). What is the tens digit of x(q)?
8
What is the hundreds digit of (2/(-6))/(16 - (-4802130)/(-300132))?
5
What is the thousands digit of ((-13961)/483*18)/((-2)/56)?
4
Let q(p) = p**3 - 28*p**2 + 33*p - 234. Let w be q(27). Suppose 2*m - 163 = 3*i, -3*i - 157 = -0*m + m. Let t = i - w. What is the tens digit of t?
1
Let y(d) = 14*d - 3. Let s = -16 + 33. Let f be y(s). Let u = f - 153. What is the units digit of u?
2
Suppose 89 = -2*a + 305. Suppose s - a = k - 6*k, -4*s - 5*k = -492. Suppose 4*n - 82 = 2*i + s, 3*n = -2*i + 154. What is the tens digit of n?
5
Let q = 3784 - 2643. Suppose 5*m - 699 - q = 0. What is the tens digit of m?
6
Let d be 3*1580*(-17)/(-34) + 2. Suppose -10*q - 82 = -d. What is the hundreds digit of q?
2
Let v(d) = -166*d - 388. Let q(p) = -166*p - 392. Let w(i) = -5*q(i) + 6*v(i). What is the tens digit of w(-8)?
6
Let j = -17 - -21. Suppose -j*k + 1512 - 516 = 0. What is the hundreds digit of k?
2
Let d(z) be the first derivative of 2*z**3 - z**2 + 19*z + 15. Let x(y) = -5*y**2 + y - 20. Let r(f) = 6*d(f) + 7*x(f). What is the units digit of r(12)?
8
Let b = -13416 - -20107. What is the thousands digit of b?
6
Suppose -94*t + 266*t - 6150032 = 0. What is the hundreds digit of t?
7
Let r = -844 + 1699. Suppose 155*b - 158*b = -r. Suppose 0 = z - 5*g - 0*g - 137, -g = 2*z - b. What is the tens digit of z?
4
Let k be (-7798)/(-4)*52/91. Suppose 3*c - 1396 = -5*b, 4*b - 2*c + 3*c = k. What is the hundreds digit of b?
2
Let f(m) = -2*m + 13. Let k be f(-4). Let q = 25 - k. Suppose -q*v = 76 - 388. What is the tens digit of v?
7
Let k(q) = 7 - 15*q**3 + 6*q**2 - 6*q + 8*q**3 + q**3 + 4*q**3. What is the hundreds digit of k(-5)?
4
Suppose -13*k + 65714 = 62*k + 28*k. What is the units digit of k?
8
Suppose 51*u = -133*u - 554116 + 2539292. What is the hundreds digit of u?
7
Let x(i) = 3*i**2 - 27*i + 22. Suppose -13*b = 3*b - 176. What is the tens digit of x(b)?
8
Suppose -152*d = -129*d - 80454. What is the hundreds digit of d?
4
Let w(z) = -z**3 - 4*z**2 + 5*z + 20. Let c be w(-4). Suppose -4*a + 3278 + 2746 = c. What is the units digit of a?
6
Let n = 1217 + -1226. Let x be ((-294)/(-5))/(2/10). What is the units digit of 12/n*x/(-4)?
8
Suppose 17*w + 26288 = 2*z + 19*w, z = -5*w + 13144. What is the hundreds digit of z?
1
Let l(h) = -h**3 - 30*h**2 - h - 45. Let t be l(-30). What is the units digit of t/21 - (-57215)/35?
4
Suppose 6 = 3*q, -2*y + 5*y = -3*q + 342. Let h be 2/4 + (-4114)/44. Let z = h + y. What is the tens digit of z?
1
Let o(d) = 150*d**3 - 13*d**2 + 40*d - 118. What is the tens digit of o(5)?
0
Let u